75?
3, 5, 109
What are the prime factors of 25828?
2, 11, 587
What are the prime factors of 34645?
5, 13, 41
What are the prime factors of 2439?
3, 271
List the prime factors of 1361.
1361
List the prime factors of 12244.
2, 3061
What are the prime factors of 1622?
2, 811
List the prime factors of 180.
2, 3, 5
List the prime factors of 8962.
2, 4481
List the prime factors of 10946.
2, 13, 421
What are the prime factors of 13974?
2, 3, 17, 137
What are the prime factors of 620?
2, 5, 31
What are the prime factors of 11608?
2, 1451
List the prime factors of 11194.
2, 29, 193
List the prime factors of 37.
37
List the prime factors of 6140.
2, 5, 307
What are the prime factors of 47343?
3, 43, 367
List the prime factors of 4810.
2, 5, 13, 37
List the prime factors of 1066.
2, 13, 41
What are the prime factors of 179?
179
What are the prime factors of 60497?
60497
List the prime factors of 179.
179
What are the prime factors of 2749?
2749
List the prime factors of 43707.
3, 17, 857
What are the prime factors of 851?
23, 37
List the prime factors of 5704.
2, 23, 31
List the prime factors of 9039.
3, 23, 131
What are the prime factors of 39?
3, 13
What are the prime factors of 2929?
29, 101
What are the prime factors of 84438?
2, 3, 4691
What are the prime factors of 1880?
2, 5, 47
List the prime factors of 33411.
3, 7, 37, 43
List the prime factors of 6.
2, 3
List the prime factors of 46.
2, 23
List the prime factors of 1940.
2, 5, 97
List the prime factors of 12.
2, 3
What are the prime factors of 986?
2, 17, 29
What are the prime factors of 3442?
2, 1721
List the prime factors of 1184.
2, 37
What are the prime factors of 709?
709
List the prime factors of 952.
2, 7, 17
List the prime factors of 7532.
2, 7, 269
List the prime factors of 294.
2, 3, 7
List the prime factors of 2484.
2, 3, 23
What are the prime factors of 1620?
2, 3, 5
What are the prime factors of 22790?
2, 5, 43, 53
List the prime factors of 5641.
5641
What are the prime factors of 49732?
2, 12433
What are the prime factors of 114661?
114661
What are the prime factors of 3482?
2, 1741
What are the prime factors of 37716?
2, 3, 7, 449
List the prime factors of 2522.
2, 13, 97
What are the prime factors of 1003?
17, 59
What are the prime factors of 1013?
1013
What are the prime factors of 566?
2, 283
List the prime factors of 217.
7, 31
What are the prime factors of 392?
2, 7
List the prime factors of 2047.
23, 89
What are the prime factors of 2507?
23, 109
What are the prime factors of 2020?
2, 5, 101
List the prime factors of 38.
2, 19
List the prime factors of 52948.
2, 7, 31, 61
What are the prime factors of 6823?
6823
What are the prime factors of 1165?
5, 233
What are the prime factors of 2663?
2663
What are the prime factors of 1930?
2, 5, 193
What are the prime factors of 2258?
2, 1129
List the prime factors of 1753.
1753
List the prime factors of 14805.
3, 5, 7, 47
What are the prime factors of 105629?
53, 1993
List the prime factors of 1488.
2, 3, 31
What are the prime factors of 13714?
2, 6857
List the prime factors of 1583.
1583
List the prime factors of 916.
2, 229
List the prime factors of 15727.
15727
What are the prime factors of 20039?
29, 691
What are the prime factors of 4050?
2, 3, 5
List the prime factors of 29654.
2, 14827
List the prime factors of 8415.
3, 5, 11, 17
What are the prime factors of 1513?
17, 89
List the prime factors of 5121.
3, 569
List the prime factors of 7047.
3, 29
List the prime factors of 56025.
3, 5, 83
What are the prime factors of 503?
503
What are the prime factors of 9990?
2, 3, 5, 37
What are the prime factors of 1065?
3, 5, 71
List the prime factors of 1458.
2, 3
List the prime factors of 86552.
2, 31, 349
List the prime factors of 114763.
11, 10433
List the prime factors of 46378.
2, 23189
List the prime factors of 70696.
2, 8837
What are the prime factors of 12573?
3, 11, 127
What are the prime factors of 10470?
2, 3, 5, 349
What are the prime factors of 2780?
2, 5, 139
What are the prime factors of 228?
2, 3, 19
What are the prime factors of 1002?
2, 3, 167
List the prime factors of 36596.
2, 7, 1307
What are the prime factors of 1641?
3, 547
List the prime factors of 9091.
9091
What are the prime factors of 128061?
3, 17, 31
What are the prime factors of 1849?
43
What are the prime factors of 11343?
3, 19, 199
What are the prime factors of 3107?
13, 239
What are the prime factors of 1028?
2, 257
List the prime factors of 2181.
3, 727
What are the prime factors of 3957?
3, 1319
List the prime factors of 12501.
3, 463
What are the prime factors of 9758?
2, 7, 17, 41
List the prime factors of 1316.
2, 7, 47
List the prime factors of 10466.
2, 5233
What are the prime factors of 131?
131
List the prime factors of 16715.
5, 3343
What are the prime factors of 13106?
2, 6553
What are the prime factors of 12291?
3, 17, 241
List the prime factors of 16866.
2, 3, 937
List the prime factors of 99512.
2, 7, 1777
List the prime factors of 4121.
13, 317
What are the prime factors of 32980?
2, 5, 17, 97
List the prime factors of 359.
359
List the prime factors of 54619.
193, 283
List the prime factors of 5615.
5, 1123
List the prime factors of 1452.
2, 3, 11
What are the prime factors of 46565?
5, 67, 139
What are the prime factors of 31184?
2, 1949
What are the prime factors of 32178?
2, 3, 31, 173
List the prime factors of 4524.
2, 3, 13, 29
What are the prime factors of 3283?
7, 67
What are the prime factors of 2643?
3, 881
What are the prime factors of 222?
2, 3, 37
List the prime factors of 149409.
3, 13, 1277
List the prime factors of 3858.
2, 3, 643
List the prime factors of 2063.
2063
What are the prime factors of 13760?
2, 5, 43
What are the prime factors of 88113?
3, 23, 1277
What are the prime factors of 20110?
2, 5, 2011
List the prime factors of 4528.
2, 283
List the prime factors of 14474.
2, 7237
List the prime factors of 243.
3
List the prime factors of 2267.
2267
What are the prime factors of 17211?
3, 5737
What are the prime factors of 28?
2, 7
List the prime factors of 14866.
2, 7433
List the prime factors of 740.
2, 5, 37
List the prime factors of 3436.
2, 859
What are the prime factors of 514?
2, 257
What are the prime factors of 31223?
31223
List the prime factors of 12454.
2, 13, 479
What are the prime factors of 2184?
2, 3, 7, 13
What are the prime factors of 2650?
2, 5, 53
List the prime factors of 2253.
3, 751
List the prime factors of 62678.
2, 7, 11, 37
List the prime factors of 63764.
2, 19, 839
What are the prime factors of 46921?
7, 6703
What are the prime factors of 1523?
1523
List the prime factors of 135767.
137, 991
What are the prime factors of 18647?
29, 643
What are the prime factors of 4427?
19, 233
List the prime factors of 20379.
3, 6793
List the prime factors of 10680.
2, 3, 5, 89
What are the prime factors of 53185?
5, 11, 967
What are the prime factors of 23125?
5, 37
List the prime factors of 138235.
5, 27647
List the prime factors of 5154.
2, 3, 859
What are the prime factors of 4262?
2, 2131
What are the prime factors of 636?
2, 3, 53
What are the prime factors of 2439?
3, 271
List the prime factors of 2259.
3, 251
What are the prime factors of 8539?
8539
List the prime factors of 1447.
1447
List the prime factors of 7498.
2, 23, 163
List the prime factors of 17155.
5, 47, 73
List the prime factors of 80540.
2, 5, 4027
List the prime factors of 2907.
3, 17, 19
List the prime factors of 2865.
3, 5, 191
What are the prime factors of 2654?
2, 1327
What are the prime factors of 361?
19
List the prime factors of 28390.
2, 5, 17, 167
List the prime factors of 11469.
3, 3823
List the prime factors of 29758.
2, 14879
List the prime factors of 3482.
2, 1741
List the prime factors of 2281.
2281
What are the prime factors of 1425?
3, 5, 19
What are the prime factors of 68024?
2, 11, 773
List the prime factors of 5903.
5903
List the prime factors of 585.
3, 5, 13
What are the prime factors of 74?
2, 37
List the prime factors of 6355.
5, 31, 41
List the prime factors of 13359.
3, 61, 73
List the prime factors of 30572.
2, 7643
List the prime factors of 255.
3, 5, 17
List the prime factors of 4272.
2, 3, 89
What are the prime factors of 2341?
2341
What are the prime factors of 1330?
2, 5, 7, 19
What are the p